se 6?
-2402300
What is 1101010000110111011111 (base 2) in base 12?
11b8167
Convert 10020222110 (base 3) to base 4.
33222021
What is -122001120012 (base 3) in base 11?
-20a288
22143303 (base 5) to base 10
193578
Convert 4305c8 (base 13) to base 10.
1571864
What is -1971bb9 (base 13) in base 14?
-117d337
What is -5012005 (base 6) in base 2?
-111001011000000101
What is -1304446 (base 8) in base 4?
-1120210212
-3423 (base 16) to base 6
-141443
Convert -3b9635 (base 12) to base 16.
-f1f49
1b9123 (base 14) to base 7
11242443
What is 21614 (base 15) in base 14?
2a8b0
What is 3120661 (base 9) in base 10?
1667035
Convert 140402230 (base 5) to base 6.
23202312
-165855 (base 16) to base 15
-1ddd70
Convert 5955b (base 12) to base 2.
11101010011010111
1032454203 (base 6) to base 4
222021211323
Convert 34c99 (base 13) to base 7.
551464
Convert -337202 (base 8) to base 4.
-123322002
What is -1604484 (base 10) in base 3?
-10000111221100
What is 3554412 (base 7) in base 8?
1560004
What is -1867 (base 10) in base 4?
-131023
11112222110 (base 3) to base 8
257064
Convert -14254255 (base 6) to base 11.
-3048a8
What is 1b6622 (base 16) in base 7?
21156016
101132203 (base 4) to base 10
71587
Convert -307317 (base 8) to base 7.
-603440
-15072850 (base 9) to base 13
-1722525
-235360310 (base 7) to base 10
-14653457
What is c50255 (base 13) in base 7?
54042242
What is -2104330 (base 6) in base 10?
-102078
What is ab3c51 (base 13) in base 2?
1111011001010011001010
Convert 10143340 (base 5) to base 16.
148fc
Convert -12410533 (base 6) to base 15.
-803b9
10113414 (base 8) to base 4
20021130030
Convert -102023010 (base 4) to base 10.
-74436
What is 1234020201 (base 5) in base 12?
1022b47
What is -453893 (base 10) in base 7?
-3600206
What is 3a23cc (base 14) in base 11?
1149607
-1100100001001000010 (base 2) to base 3
-202211122210
Convert -10000100111111101010011 (base 2) to base 14.
-816279
What is 613187 (base 14) in base 16?
31f4b3
Convert -78b060 (base 12) to base 3.
-10121220001200
Convert -226621 (base 7) to base 14.
-10c11
-160523 (base 10) to base 4
-213030023
-73317 (base 11) to base 14
-2ad2d
What is -1114002024 (base 5) in base 16?
-25e99f
44314 (base 9) to base 13
1050a
Convert 10430120 (base 5) to base 13.
33171
Convert -22c4aad (base 14) to base 9.
-34223883
What is -14107b (base 12) in base 11?
-208702
-111022011100011 (base 3) to base 16
-6bdeb0
Convert -22034610 (base 8) to base 9.
-8813804
Convert -3201120213 (base 4) to base 2.
-11100001011000100111
Convert -3241216 (base 7) to base 14.
-a477d
-745455 (base 8) to base 12
-bba65
58a8a0 (base 11) to base 15
137866
Convert 2232301 (base 4) to base 6.
123441
What is -11321130321 (base 4) in base 11?
-966622
What is -5a29 (base 14) in base 5?
-1000332
What is 3e6899 (base 15) in base 7?
34401540
What is -102001201101 (base 3) in base 13?
-78172
Convert -a8856 (base 14) to base 3.
-202201100002
Convert -a20427 (base 12) to base 9.
-4676044
Convert 1132222030 (base 5) to base 13.
708306
Convert c4a16 (base 16) to base 6.
25132410
Convert -1101110010101001100 (base 2) to base 6.
-13404112
What is 135554024 (base 7) in base 8?
42020021
bb7405 (base 15) to base 7
135641123
What is -20150422 (base 7) in base 5?
-412113420
What is 39a8208 (base 12) in base 10?
11418920
-6123264 (base 7) to base 16
-b1e64
33321112 (base 6) to base 13
292b53
Convert -222263 (base 9) to base 6.
-2503133
What is 10a9005 (base 13) in base 12?
1876031
-6e6e8 (base 15) to base 7
-2665616
What is -42349 (base 11) in base 3?
-10010120001
Convert 40081 (base 13) to base 14.
2d95b
Convert b33b0 (base 15) to base 9.
1054833
What is -130202122 (base 5) in base 9?
-1162267
What is 530262 (base 7) in base 15?
1c120
What is -2001012020 (base 3) in base 6?
-510140
Convert -1706041 (base 10) to base 16.
-1a0839
14da94c (base 14) to base 10
10209512
Convert 3430142 (base 7) to base 16.
685c1
3220113022 (base 4) to base 12
39a94a
What is 12001202011101 (base 3) in base 6?
133405014
Convert -8d0a6 (base 15) to base 12.
-197a33
Convert 857d9 (base 14) to base 13.
b3ac3
Convert -19856 (base 12) to base 2.
-1001001010000010
103230302 (base 4) to base 2
10011101100110010
What is 26652206 (base 7) in base 3?
11122022120012
What is 134223 (base 5) in base 12?
3277
Convert a0993 (base 11) to base 2.
100100000010010001
What is -188350 (base 13) in base 2?
-10010110110111001001
79cb2 (base 13) to base 12
a8495
What is 11250310 (base 6) in base 15?
6d4e3
What is 119033 (base 10) in base 4?
131003321
Convert -230011233 (base 4) to base 6.
-3512023
Convert -2104331 (base 7) to base 15.
-5024b
Convert -bc0dd (base 16) to base 6.
-24302021
What is 1035315 (base 7) in base 12?
61406
Convert -1e930a (base 16) to base 5.
-1003104342
5061852 (base 12) to base 13
3172742
-9b9ac3 (base 14) to base 13
-1132992
-3317353 (base 10) to base 9
-6215487
Convert 334834 (base 16) to base 7.
40365211
-1678242 (base 10) to base 5
-412200432
Convert -3320321123 (base 4) to base 3.
-1220210110122
What is 1542213 (base 8) in base 13?
126b5a
Convert -221110210011 (base 3) to base 14.
-d0a1c
Convert 7565644 (base 9) to base 7.
46333303
100110011011011001100 (base 2) to base 8
4633314
What is a27 (base 13) in base 2?
11010111011
-105762 (base 10) to base 9
-171063
1344145 (base 6) to base 13
28838
Convert -553525 (base 7) to base 5.
-11103313
Convert ed3f0 (base 16) to base 6.
32454520
Convert 23163366 (base 7) to base 5.
1010014340
10111011011100101 (base 2) to base 3
11212122120
101110001001001101111 (base 2) to base 3
2211211010202
What is 53630 (base 12) in base 10?
109764
What is 101001011000101011 (base 2) in base 7?
1304133
-260457 (base 10) to base 7
-2133231
Convert -8cb739 (base 13) to base 6.
-155315522
What is 22011020111 (base 3) in base 10?
160555
305452312 (base 6) to base 4
110100130310
-16147062 (base 9) to base 8
-36602163
Convert 27fa6 (base 16) to base 8.
477646
What is -448a4a (base 12) in base 15?
-169064
58256 (base 12) to base 10
117858
-1566403 (base 7) to base 8
-652353
-8573908 (base 11) to base 14
-20097cc
-103552245 (base 6) to base 14
-367ba5
37052 (base 13) to base 10
101129
Convert 2611583 (base 9) to base 7.
15053235
Convert 101221001221220 (base 3) to base 8.
26117451
Convert -4641578 (base 9) to base 11.
-1462a22
24131311 (base 6) to base 10
758491
What is -2933799 (base 10) in base 5?
-1222340144
301344244 (base 5) to base 8
4447515
-101200220112122 (base 3) to base 9
-11626478
Convert -1233220 (base 6) to base 10.
-66828
2203252 (base 6) to base 15
2272b
3c6c5c (base 15) to base 13
7aac03
What is -313317 (base 8) in base 15?
-20ccd
What is -111002111121 (base 3) in base 15?
-51554
What is -130232 (base 5) in base 3?
-20221200
-2699c2 (base 13) to base 2
-11100100010111101100
What is -122012102010 (base 3) in base 5?
-41313211
-223121313333 (base 4) to base 12
-3988713
-1502453 (base 7) to base 16
-3176c
What is -9673a9 (base 11) in base 13?
-422260
Convert -100001010010100101011 (base 2) to base 3.
-2001102101012
What is 1243266 (base 14) in base 12?
2b299a2
Convert 11541451 (base 6) to base 12.
15a887
-2320101330 (base 4) to base 14
-159112
2201210100120 (base 3) to base 13
3bb131
Convert 1054310 (base 6) to base 12.
27396
What is -63763 (base 12) in base 5?
-13140213
1001552041 (base 6) to base 16
9b2f39
What is 480215 (base 12) in base 11?
723739
Convert cb520 (base 16) to base 4.
3023110200
Convert a0ad3 (base 15) to base 4.
1330030122
What is 523819 (base 12) in base 3?
2102122021110
Convert -910027 (base 10) to base 2.
-11011110001011001011
71464 (base 8) to base 10
29492
-11636773 (base 9) to base 14
-a82bd0
What is 227ac (base 13) in base 6?
1202533
Convert -121210122120 (base 3) to base 7.
-2545113
1030023104 (base 5) to base 6
114530550
Convert 26447 (base 9) to base 14.
671d
Convert 1000010001 (base 3) to base 12.
b531
What is -2044566 (base 8) in base 6?
-15350154
What is 111c9 (base 15) in base 16?
d48e
64823 (base 12) to base 16
2059b
Convert -23605550 (base 9) to base 5.
-10422044100
-4293d3 (base 14) to base 11
-12aa185
What is -12343322 (base 6) in base 4?
-1202101202
100001101000011 (base 2) to base 9
25552
What is 1100000001101010111001 (base 2) in base 6?
151323121
1490766 (base 12) to base 6
225205010
What is -10156584 (base 9) 